common divisor of 6564210 and 20256.
1266
What is the greatest common factor of 301800 and 380200?
200
What is the greatest common factor of 2144054 and 11726?
902
Calculate the greatest common divisor of 9682200 and 19008.
2376
Calculate the highest common divisor of 4160 and 137035.
5
What is the greatest common divisor of 295053 and 1023?
33
What is the highest common factor of 75856951 and 3457?
3457
Calculate the highest common divisor of 69043073 and 11.
11
Calculate the highest common divisor of 36 and 1133298.
18
What is the highest common divisor of 330592 and 3232?
32
What is the greatest common divisor of 14 and 1880712400?
14
What is the highest common factor of 27890080 and 1860?
620
Calculate the highest common divisor of 3434 and 4539442.
34
What is the greatest common divisor of 246142856 and 16?
8
What is the highest common divisor of 3685 and 69687035?
3685
What is the highest common divisor of 1047696 and 47472?
1104
Calculate the greatest common factor of 1 and 200442199.
1
What is the greatest common divisor of 6479 and 5250935?
589
What is the highest common divisor of 12490 and 450889?
1249
What is the greatest common divisor of 175240 and 14170?
130
What is the highest common divisor of 471105 and 44805?
435
What is the highest common factor of 44025852 and 17?
17
What is the highest common factor of 83068 and 785867?
1093
Calculate the greatest common divisor of 40 and 87878710.
10
What is the highest common factor of 525 and 12391890?
105
What is the highest common divisor of 11129 and 2106971?
359
Calculate the highest common factor of 281 and 185431338.
281
Calculate the highest common factor of 684549 and 128547.
207
Calculate the greatest common divisor of 5394 and 866388.
186
Calculate the greatest common factor of 752 and 2114416.
16
What is the greatest common divisor of 2762755446 and 506?
506
What is the highest common divisor of 44480 and 46565?
695
Calculate the greatest common factor of 33959 and 105212.
29
Calculate the highest common factor of 124712298 and 172.
86
What is the greatest common divisor of 19692537 and 9681?
1383
What is the highest common divisor of 64 and 744921136?
16
What is the greatest common divisor of 30260 and 73780?
340
Calculate the highest common factor of 336096 and 1183392.
288
Calculate the highest common divisor of 2432568 and 48.
24
Calculate the greatest common divisor of 386447217 and 62829.
6981
Calculate the highest common factor of 2502 and 57518478.
2502
Calculate the highest common factor of 41857078 and 13941.
1549
Calculate the greatest common divisor of 30280 and 21380.
20
Calculate the highest common divisor of 175434 and 30912.
42
Calculate the greatest common factor of 11526741 and 987507.
8739
Calculate the highest common divisor of 16506 and 148302.
126
Calculate the highest common factor of 27142484 and 1922.
1922
What is the highest common factor of 18480291 and 27?
3
What is the highest common divisor of 144 and 161526?
6
What is the highest common divisor of 392175550 and 7650?
850
What is the highest common divisor of 1090657 and 2095?
419
What is the highest common divisor of 3479 and 3007631?
71
Calculate the greatest common divisor of 118396961 and 494.
19
Calculate the greatest common divisor of 8385 and 110936345.
2795
What is the greatest common factor of 498 and 59690446?
166
What is the highest common factor of 260 and 16871725?
65
What is the highest common divisor of 32801214 and 12?
6
Calculate the greatest common divisor of 16968 and 486602648.
5656
What is the greatest common factor of 126128916 and 255?
51
Calculate the highest common divisor of 30 and 39602385.
15
Calculate the highest common factor of 13970159 and 3416.
427
What is the greatest common divisor of 5088 and 91240560?
2544
What is the highest common factor of 76 and 5669860?
4
What is the highest common factor of 50396 and 370316?
172
What is the highest common factor of 26315897 and 796053?
11537
Calculate the greatest common factor of 1001591080 and 26600.
5320
Calculate the greatest common factor of 1404256 and 13664.
224
What is the highest common factor of 30906 and 685134?
306
What is the highest common divisor of 62 and 4735498?
62
Calculate the greatest common divisor of 62478 and 18846.
54
Calculate the greatest common factor of 14176176 and 4340.
868
Calculate the greatest common divisor of 707960 and 3330.
10
Calculate the highest common factor of 188807 and 13639.
23
What is the greatest common divisor of 1623921 and 1103232?
507
What is the highest common divisor of 68020 and 5228590?
1790
What is the highest common divisor of 18923 and 3525340?
149
What is the greatest common divisor of 4530005 and 19895?
865
What is the highest common divisor of 14096887 and 371?
371
What is the highest common factor of 24 and 17039636?
4
What is the greatest common factor of 210 and 199206?
42
What is the greatest common factor of 82 and 130588854?
82
Calculate the greatest common divisor of 346787 and 384986.
749
Calculate the greatest common factor of 21440 and 6740200.
2680
Calculate the highest common factor of 23721064 and 37490.
326
Calculate the greatest common factor of 29 and 2552879425.
29
Calculate the greatest common factor of 1768 and 1894633.
221
Calculate the greatest common factor of 19440 and 1365360.
240
What is the highest common divisor of 43248 and 3835080?
1272
What is the greatest common divisor of 208 and 1308866?
26
Calculate the highest common divisor of 380286 and 47508.
222
What is the highest common factor of 218391354 and 6?
6
Calculate the greatest common factor of 16870642 and 10.
2
Calculate the highest common divisor of 31285815 and 2794.
1397
What is the greatest common divisor of 488 and 10922284?
4
Calculate the greatest common divisor of 95506 and 7973.
17
Calculate the greatest common factor of 207 and 818118441.
207
What is the greatest common factor of 13960 and 548600?
40
Calculate the highest common factor of 135 and 2430105.
15
What is the highest common divisor of 15369 and 667635?
141
What is the highest common factor of 5723 and 982881?
59
What is the highest common factor of 2084987 and 206719?
1369
What is the greatest common factor of 6636 and 2340296?
2212
Calculate the highest common factor of 41134 and 194273.
131
What is the greatest common factor of 8470631 and 1053?
13
What is the highest common divisor of 9753 and 648902851?
3251
Calculate the greatest common divisor of 52836 and 37464.
84
Calculate the highest common divisor of 11556 and 13298.
2
Calculate the greatest common factor of 46710648 and 841.
29
What is the greatest common divisor of 240 and 229070860?
20
What is the highest common factor of 63320 and 1097918144?
12664
Calculate the greatest common factor of 3537 and 69477291.
3537
What is the highest common factor of 17200 and 755900?
100
Calculate the highest common factor of 252723712 and 166.
166
Calculate the highest common divisor of 2948 and 17972348.
268
Calculate the highest common divisor of 47965975 and 95.
95
Calculate the highest common divisor of 141914050 and 150.
50
What is the greatest common factor of 231 and 6418203?
33
Calculate the greatest common factor of 1032 and 822072.
24
What is the highest common divisor of 582963 and 863508?
951
Calculate the highest common divisor of 20237 and 259651.
343
Calculate the greatest common factor of 76 and 57181108.
76
What is the highest common divisor of 10008 and 53129136?
3336
What is the highest common factor of 446 and 97857083?
223
What is the highest common factor of 2219 and 2220042930?
2219
Calculate the greatest common divisor of 58752905 and 445.
445
Calculate the highest common factor of 1114257 and 1.
1
Calculate the greatest common factor of 14729500 and 185.
5
Calculate the greatest common divisor of 1158339 and 63.
21
What is the greatest common divisor of 11 and 44960927?
11
What is the greatest common divisor of 114 and 24380610?
114
What is the greatest common factor of 375 and 65731770?
15
Calculate the greatest common divisor of 500638 and 3055781.
4723
Calculate the highest common factor of 1165 and 244743200.
1165
Calculate the greatest common factor of 23607 and 170222208.
7869
What is the highest common factor of 2755435